remainder when 3720 is divided by 106?
10
Calculate the remainder when 13621 is divided by 297.
256
What is the remainder when 721 is divided by 87?
25
Calculate the remainder when 8474 is divided by 36.
14
What is the remainder when 25212 is divided by 97?
89
Calculate the remainder when 9389 is divided by 89.
44
What is the remainder when 624560 is divided by 37?
0
Calculate the remainder when 3738 is divided by 2.
0
What is the remainder when 101761 is divided by 1542?
1531
Calculate the remainder when 21519 is divided by 21473.
46
What is the remainder when 298751 is divided by 192?
191
What is the remainder when 2868 is divided by 2843?
25
Calculate the remainder when 46014 is divided by 24.
6
What is the remainder when 238025 is divided by 409?
396
Calculate the remainder when 5054 is divided by 1674.
32
What is the remainder when 262333 is divided by 131157?
19
Calculate the remainder when 9679 is divided by 32.
15
What is the remainder when 5460432 is divided by 21?
12
Calculate the remainder when 9376 is divided by 843.
103
Calculate the remainder when 1293 is divided by 72.
69
Calculate the remainder when 7161 is divided by 491.
287
Calculate the remainder when 3910 is divided by 780.
10
What is the remainder when 14204 is divided by 708?
44
Calculate the remainder when 1032 is divided by 1021.
11
What is the remainder when 2520 is divided by 1258?
4
Calculate the remainder when 40763 is divided by 9.
2
Calculate the remainder when 38356 is divided by 9551.
152
Calculate the remainder when 13186 is divided by 772.
62
Calculate the remainder when 818 is divided by 88.
26
What is the remainder when 25790 is divided by 435?
125
What is the remainder when 36649 is divided by 582?
565
Calculate the remainder when 8102 is divided by 737.
732
What is the remainder when 1089973 is divided by 5?
3
What is the remainder when 1099221 is divided by 89?
71
Calculate the remainder when 7472498 is divided by 73.
72
Calculate the remainder when 20527 is divided by 4647.
1939
Calculate the remainder when 16389 is divided by 327.
39
What is the remainder when 167 is divided by 36?
23
Calculate the remainder when 291174 is divided by 19.
18
What is the remainder when 406012 is divided by 61?
57
Calculate the remainder when 1342 is divided by 146.
28
Calculate the remainder when 278578 is divided by 22.
14
What is the remainder when 7729 is divided by 641?
37
What is the remainder when 68612 is divided by 2982?
26
Calculate the remainder when 8208 is divided by 2051.
4
Calculate the remainder when 159119 is divided by 170.
169
Calculate the remainder when 164509 is divided by 8.
5
What is the remainder when 9853 is divided by 77?
74
What is the remainder when 17313 is divided by 17302?
11
What is the remainder when 250889 is divided by 15678?
41
What is the remainder when 62508 is divided by 4808?
4
Calculate the remainder when 87473 is divided by 29121.
110
What is the remainder when 17749 is divided by 710?
709
Calculate the remainder when 22238 is divided by 5475.
338
Calculate the remainder when 27879 is divided by 9.
6
What is the remainder when 68416 is divided by 115?
106
What is the remainder when 12507 is divided by 12423?
84
Calculate the remainder when 398028 is divided by 32.
12
Calculate the remainder when 1349 is divided by 270.
269
What is the remainder when 232 is divided by 125?
107
What is the remainder when 49460 is divided by 1030?
20
Calculate the remainder when 7403 is divided by 132.
11
What is the remainder when 2065 is divided by 888?
289
What is the remainder when 64 is divided by 12?
4
Calculate the remainder when 15788 is divided by 118.
94
Calculate the remainder when 63413 is divided by 12679.
18
Calculate the remainder when 156361 is divided by 102.
97
What is the remainder when 8325902 is divided by 1362?
1358
What is the remainder when 40314 is divided by 453?
450
What is the remainder when 17134 is divided by 343?
327
What is the remainder when 222208 is divided by 143?
129
Calculate the remainder when 1225 is divided by 41.
36
Calculate the remainder when 5856 is divided by 29.
27
What is the remainder when 286842 is divided by 195?
192
What is the remainder when 143599 is divided by 400?
399
What is the remainder when 28344 is divided by 14149?
46
Calculate the remainder when 21836 is divided by 40.
36
What is the remainder when 3920 is divided by 1887?
146
Calculate the remainder when 2686 is divided by 1166.
354
Calculate the remainder when 8327 is divided by 397.
387
Calculate the remainder when 15479 is divided by 60.
59
Calculate the remainder when 74187 is divided by 108.
99
What is the remainder when 44601 is divided by 63?
60
What is the remainder when 414002 is divided by 137989?
35
Calculate the remainder when 50096 is divided by 34.
14
Calculate the remainder when 76555 is divided by 832.
11
Calculate the remainder when 402861 is divided by 84.
81
What is the remainder when 2757 is divided by 1334?
89
Calculate the remainder when 355058 is divided by 10.
8
What is the remainder when 36362 is divided by 209?
205
What is the remainder when 41186 is divided by 610?
316
What is the remainder when 595505 is divided by 324?
317
Calculate the remainder when 7223 is divided by 537.
242
What is the remainder when 7113 is divided by 707?
43
Calculate the remainder when 57519 is divided by 19171.
6
Calculate the remainder when 5493 is divided by 164.
81
What is the remainder when 6629 is divided by 686?
455
What is the remainder when 201633 is divided by 54?
51
Calculate the remainder when 17423 is divided by 29.
23
Calculate the remainder when 930 is divided by 442.
46
What is the remainder when 25057 is divided by 4941?
352
What is the remainder when 27336 is divided by 25?
11
What is the remainder when 1400515 is divided by 350127?
7
What is the remainder when 1313 is divided by 324?
17
What is the remainder when 2948 is divided by 130?
88
Calculate the remainder when 156681 is divided by 33.
30
Calculate the remainder when 23026 is divided by 303.
301
Calculate the remainder when 39563 is divided by 779.
613
Calculate the remainder when 6396 is divided by 323.
259
What is the remainder when 4484 is divided by 82?
56
Calculate the remainder when 9949 is divided by 831.
808
Calculate the remainder when 626 is divided by 523.
103
What is the remainder when 24537 is divided by 208?
201
Calculate the remainder when 2162 is divided by 1827.
335
Calculate the remainder when 3246 is divided by 1069.
39
Calculate the remainder when 41915 is divided by 13945.
80
Calculate the remainder when 54842 is divided by 6853.
18
Calculate the remainder when 343666 is divided by 114551.
13
Calculate the remainder when 145369 is divided by 1439.
30
Calculate the remainder when 330 is divided by 31.
20
Calculate the remainder when 104683 is divided by 286.
7
Calculate the remainder when 541980 is divided by 17.
3
Calculate the remainder when 20935 is divided by 19.
16
What is the remainder when 11837 is divided by 3887?
176
What is the remainder when 20980 is divided by 20879?
101
Calculate the remainder when 7723 is divided by 267.
247
Calculate the remainder when 21695 is divided by 4334.
25
What is the remainder when 6272 is divided by 1979?
335
Calculate the remainder when 978748 is divided by 30.
28
Calculate the remainder when 287523 is divided by 19167.
18
What is the remainder when 17164 is divided by 6?
4
What is the remainder when 3798 is divided by 70?
18
What is the remainder when 13706 is divided by 110?
66
What is the remainder when 6911 is divided by 6896?
15
Calculate the remainder when 10710 is divided by 1170.
180
What is the remainder when 1042035 is divided by 19?
18
What is the remainder when 34456 is divided by 1498?
2
Calculate the remainder when 307 is divided by 190.
117
Calculate the remainder when 34879 is divided by 54.
49
Calculate the remainder when 288510 is divided by 16.
14
Calculate the remainder when 5204 is divided by 259.
24
What is the remainder when 3018 is divided by 2906?
112
What is the remainder when 510483 is divided by 688?
675
Calculate the remainder when 4038 is divided by 303.
99
Calculate the remainder when 5353 is divided by 37.
25
What is the remainder when 17782 is divided by 657?